of 278 and k.
2
Suppose 4*m = -t + 25777, -3*m + 19317 = 86*t - 87*t. What is the greatest common factor of m and 2?
2
Suppose -3*m + 56 = 5*f, -3*m - 14 = -5*f + 30. Suppose -2*q = -2*u - f, 1 = 2*u - 3*u - q. Let n = u + 53. What is the highest common divisor of 125 and n?
25
Let w(s) be the first derivative of 319*s**2/2 - 11*s - 120. Let u be w(2). Calculate the greatest common factor of 57 and u.
57
Suppose 0 = -h - 14*g + 10*g + 2, -h - 2*g = 2. Let m be 45*2/h*42/(-10). What is the greatest common factor of 81 and m?
9
Let y(h) = 168*h**2 + 5*h - 4. Let w be y(1). Let o(i) = -i**3 - i**2 + 6*i + 91. Let d be o(0). Calculate the greatest common divisor of d and w.
13
Let x = -23 - -68. Let q(y) = y**3 + 56*y**2 + 54*y + 5. Let o be q(-55). What is the greatest common divisor of o and x?
15
Suppose -52*w - 45*w - 405 = -106*w. Let j be 18/21*(2 + 40). What is the greatest common factor of w and j?
9
Let l be (-4)/(-4 - 10/(-3)) - 84/28. Calculate the greatest common factor of l and 543.
3
Suppose 0*u = 4*u + s - 79, 0 = -6*u - s + 115. What is the greatest common divisor of 178 and u?
2
Let y be (-22)/(-6)*(-22140)/(-990). What is the greatest common divisor of y and 3362?
82
Let y(n) = -n**3 + n**2 + 24*n - 41. Let z be y(4). Calculate the greatest common divisor of 1981 and z.
7
Let x = 20 - 19. Suppose -5*t - 40 = u + 4*u, 0 = -3*t + 5*u + 8. Let f be t/(-26) - (15/13 - 3). Calculate the highest common factor of f and x.
1
Let f = 2927 - 2891. Calculate the highest common factor of f and 696.
12
Let p = -42 + 39. Let o be p + (-12)/4 + 96. Suppose 81 = 5*u - 99. What is the highest common factor of o and u?
18
Suppose -v + 8922 = -3*k + 63132, v = -2*k + 36150. Calculate the highest common factor of 54 and k.
18
Let a = -7 + 67. Let h = a + -36. What is the greatest common divisor of 120 and h?
24
Suppose 0 = 48*m + 33*m - 68*m - 43433. Calculate the highest common divisor of 52 and m.
13
Suppose x - 119 = -2*i, 2*i = x - 91 - 24. Let j(p) = p**3 - 5*p**2 + 3*p + 17. Let d be j(4). What is the greatest common factor of d and x?
13
Suppose 0 = -18*m - 11*m + 1914. Suppose 3*w - 3*k = -4*k + 35, -2*w - 4*k + 10 = 0. Suppose w - 1 = 2*i. What is the greatest common divisor of i and m?
6
Let x(b) = b**3 - 8*b + 5. Let a be x(5). Let t(d) = d**2 + 64*d + 673. Let f be t(-51). Calculate the highest common factor of a and f.
10
Suppose 15 = 5*u, -u + 28 = -3*y + 460. Calculate the greatest common factor of y and 377.
29
Let j = 313167 + -313131. Let i(m) = 4*m**2 - 3*m - 7. Let f be i(-5). What is the greatest common factor of j and f?
36
Suppose -3*s = -0*x + 3*x - 489, 0 = 2*s + 10. Suppose -3*p = 15 + x. Let d = -42 - p. What is the highest common factor of 209 and d?
19
Let t(p) = -p**2 + 106*p - 2601. Let x be t(40). Calculate the greatest common divisor of x and 273.
39
Let s(y) = 15205*y + 60840. Let r be s(-4). Suppose -q + 116 = -54. Calculate the greatest common factor of r and q.
10
Let m = -1041 + 1155. What is the greatest common factor of m and 532?
38
Suppose 0 = -11*h + 1921 + 2215. Let a be h/38 - (-11)/627*6. Calculate the highest common divisor of a and 3.
1
Suppose 0 = 95*a - 2372 - 10928. What is the highest common divisor of 5348 and a?
28
Let g = -11 - -15. Suppose -g*w - 3 = -23. Suppose -h - w*t + 50 = 0, -5*t = -2*h + 46 - 6. Calculate the highest common divisor of h and 40.
10
Suppose 77*s - 1008 = 35*s. Calculate the greatest common divisor of s and 27672.
24
Suppose 6*n - 12 = 3*n, 2*n + 2 = 2*q. Let l be 4 - q - -2 - 80/(-1). Calculate the highest common factor of l and 36.
9
Suppose -h - 4*g + 1613 = 0, 11*g = -5*h + 8*g + 8065. Let b = h - 1095. What is the highest common factor of b and 148?
74
Let r(a) = 3*a + 32 + 4*a - 2*a - 4*a. Let h be r(-10). Suppose 5*p + 5*j - 970 = 0, -2*p = 2*p - j - 796. Calculate the greatest common divisor of h and p.
22
Let y = -25186 + 38786. What is the greatest common factor of 80 and y?
80
Suppose 4*k - 396 = 3*j, -3*k + 40*j + 304 = 36*j. Calculate the greatest common divisor of 256 and k.
32
Let h be (5 - (-6)/(-3)) + -4 + 16. Suppose -13*y = -h*y + 256. Suppose 0 = -9*u + 5*u + y. What is the highest common factor of u and 80?
16
Suppose -114 = -u - 4*z, 4*z = 2*u + 6*z - 198. Let q be 4405/7 + u/(-329). Calculate the highest common factor of q and 37.
37
Let k = 387 - -990. Calculate the highest common factor of k and 51.
51
Let t = -30550 - -30678. What is the greatest common divisor of 2 and t?
2
Suppose 0 = -325*d - 1556 + 6756. What is the highest common factor of 2096 and d?
16
Suppose -10*q - 424 = -1984. Let r = q + -80. What is the greatest common factor of r and 171?
19
Let f be 3/(270/130 - 2)*5. What is the highest common factor of 273 and f?
39
Let i = -1904 - -4224. Let b be (-6)/5*i/(-12). What is the greatest common divisor of 145 and b?
29
Let x be -1 + -2 + 1 - -6. Suppose x*a = 2*t + 96, 0 = -3*a + 3*t + 2*t + 86. Let n = 42 - a. Calculate the greatest common divisor of n and 30.
10
Let s be (0 + -100)*(-15 + (-414)/(-30)). What is the highest common divisor of 220 and s?
20
Suppose -17 = -n + 11. Let m(x) = 2*x**3 + 6*x**2 - 11*x + 14. Let b be m(-7). Let c = b - -553. Calculate the greatest common divisor of n and c.
28
Let d = -57 - -86. Let t(w) = -2*w**2 + 300*w + 21559. Let s be t(-52). What is the greatest common factor of d and s?
29
Let t = -68 + 72. Suppose 0 = 5*b + 2*c - 59, 4*b = 2*b + t*c + 14. Suppose 0 = 2*q + 2*r - 28, 3*q + r = -r + 39. What is the highest common factor of q and b?
11
Suppose 2*m = -4*m + 84. Let a = -172 + 186. Calculate the highest common factor of m and a.
14
Let o = -3900 - -4410. Calculate the highest common divisor of o and 2720.
170
Let d be (36/15 + 0)/(5681/(-520) - -11). Calculate the highest common factor of d and 3464.
8
Let u be 3*(-4)/(-6) + 163. Let v be ((-2)/((-4)/2138) + 0)*1. Suppose 0 = 13*l + 211 - v. What is the highest common divisor of u and l?
33
Suppose 10*p - 11*p + 6 = 0. Suppose 15 = p*c - c. Let x be (c + 1)*3/((-6)/(-92)). Calculate the highest common factor of x and 23.
23
Let t(n) = 30*n**2 + 588*n + 126. Let b be t(-30). Calculate the highest common divisor of 102 and b.
102
Suppose 4*g + 4*k + 21 = 121, 2*k - 100 = -4*g. Suppose 3*l - 124 - 345 = -h, 2*h - 2*l - 954 = 0. Calculate the highest common divisor of h and g.
25
Let i = -113 + 108. Let g be 40 + i + (1 - 2)*3. What is the highest common divisor of 2 and g?
2
Suppose -47 = -k + 39*a - 46*a, -32 = -k - 4*a. What is the greatest common factor of k and 186?
6
Suppose -g + 4*k = -3 - 5, -2*g + 81 = 5*k. Let o = 1753 - 1431. Calculate the greatest common divisor of o and g.
14
Suppose 0 = -13*j - 5831 + 8405. Calculate the highest common factor of 4818 and j.
66
Suppose 153*y - 135*y = 7776. Calculate the greatest common factor of y and 6696.
216
Let d = 973 - 501. Let g = 548 - d. Calculate the greatest common factor of g and 38.
38
Let t = 4707 + -4630. Calculate the greatest common factor of 88 and t.
11
Let v(b) = -b**3 + 2*b**2 + 7*b - 16. Let x be v(2). Let o be x/(-3) + (-506)/(-33) + -8. What is the highest common factor of o and 2?
2
Suppose -5*n = 9*g - 12*g - 1894, 2*n = 2*g + 1260. Let o be g/(-26) - 20/130. What is the greatest common factor of o and 6?
6
Let m(i) = i**2 - 32*i - 384. Let z be m(-22). What is the greatest common divisor of 10653 and z?
201
Suppose -2030 - 2652 = -2*z + 4*p, z - 4*p - 2355 = 0. Calculate the highest common divisor of z and 52.
13
Let y be (-28 - -26) + (1 - 0). Let o be y + 0 + (-190)/(-9 - -8). Calculate the greatest common divisor of 21 and o.
21
Let d(j) = -5*j - 34. Let p be d(-7). Let o be (372/(-217))/(p - (-18)/(-14)). What is the greatest common divisor of o and 162?
6
Let u(n) = -n + 15. Let q be u(-15). Let p = 167 + -92. What is the highest common divisor of q and p?
15
Suppose -57*l = -59*l - 4*g + 1490, -3*l + g = -2228. Let t = l - 707. What is the greatest common factor of 12 and t?
12
Let u be 2*30*(-3 - (-22)/4). Calculate the highest common factor of u and 1450.
50
Let u(z) = z**3 - 5*z**2 - 14*z + 29. Let a be ((-3)/2)/(12/(-56)). Let o be u(a). Calculate the greatest common factor of o and 319.
29
Suppose -3*f + 2*w + 37 + 217 = 0, 63 = f - 5*w. Suppose f*t - 1